{"id":256,"date":"2013-07-11T10:29:33","date_gmt":"2013-07-11T08:29:33","guid":{"rendered":"http:\/\/filmring-linz.at.195-42-120-225.smartconfig.net\/wordpress\/?page_id=256"},"modified":"2014-04-25T19:14:26","modified_gmt":"2014-04-25T17:14:26","slug":"grenzganger","status":"publish","type":"page","link":"https:\/\/www.filmring-linz.at\/?page_id=256","title":{"rendered":"Grenzg\u00e4nger"},"content":{"rendered":"<p><em><div class='content-column one_half'><\/em><\/p>\n<article id=\"post-22\">\n<header>\n<hgroup>\n<h2>Grenzg\u00e4nger<\/h2>\n<\/hgroup>\n<\/header>\n<div>\n<p><strong>Mo, 16. \u2014 Fr, 20.12.2013 | 17:30 Uhr | City-Kino<\/strong><\/p>\n<\/div>\n<\/article>\n<p>A 2012, Regie: Florian Flicker, Drehbuch: Florian Flicker, frei nach \u201eDer Weibsteufel\u201c von Karl Sch\u00f6nherr, K: Martin Gschlacht, S: Karina Ressler, M: Eva Jantschitsch, D: Andreas Lust, Andrea Wenzl, Stefan Pohl, 100 Minuten<br \/>\n<em><\/em><\/p>\n<p style=\"text-align: left;\"><\/div><\/p>\n<p><center><div class='content-column one_half last_column'>Trailer:<code><a id=\"69f45bb70e332\" rel=\"wp-video-lightbox\" href=\"https:\/\/www.youtube.com\/watch?v=c0A5HRQrsqg?rel=0&#038;width=640&#038;height=480\" title=\"\"><img decoding=\"async\" src=\"http:\/\/filmring-linz.at.195-42-120-225.smartconfig.net\/wordpress\/wp-content\/uploads\/2013\/07\/940x340_Grenzgaenger1-e1373531331502.png\" class=\"video_lightbox_anchor_image\" alt=\"\" \/><\/a>    <script>\r\n    \/* <![CDATA[ *\/\r\n    jQuery(document).ready(function($){\r\n        $(function(){\r\n            var width = $(window).innerWidth();\r\n            var setwidth = parseFloat(640);\r\n            var ratio = parseFloat(0.75);\r\n            var height = parseFloat(480);\r\n            var link = 'https:\/\/www.youtube.com\/watch?v=c0A5HRQrsqg?rel=0&amp;width=640&amp;height=480';\r\n            if(width < setwidth)\r\n            {\r\n                height = Math.floor(width * 0.75);\r\n                \/\/console.log(\"device width \"+width+\", set width \"+640+\", ratio \"+0.75+\", new height \"+ height);\r\n                var new_url = wpvl_paramReplace('width', link, width);\r\n                var new_url = wpvl_paramReplace('height', new_url, height);\r\n                $(\"a#69f45bb70e332\").attr('href', new_url);\r\n                \/\/console.log(new_url);\r\n            }\r\n        });\r\n    });\r\n    \/* ]]> *\/\r\n    <\/script><\/code><\/div><div class='clear_column'><\/div><\/center><\/p>\n<hr \/>\n<p><strong>Inhalt:<\/strong><\/p>\n<hr \/>\n<p><div class='content-column one_fourth'><a href=\"http:\/\/filmring-linz.at.195-42-120-225.smartconfig.net\/wordpress\/wp-content\/uploads\/2013\/07\/4_Grenzgaenger.png\"><img loading=\"lazy\" decoding=\"async\" class=\"alignnone size-full wp-image-264\" alt=\"4_Grenzgaenger\" src=\"http:\/\/filmring-linz.at.195-42-120-225.smartconfig.net\/wordpress\/wp-content\/uploads\/2013\/07\/4_Grenzgaenger.png\" width=\"226\" height=\"150\" \/><\/a><\/div><div class='content-column three_fourth last_column'><p>\u201eEs gab eine Zeit, da war die Ostgrenze \u00d6sterreichs eine Grenze zwischen Ost und West. Bis 2004 bewachte das \u00d6sterreichische Bundesheer diesen Grenzverlauf\u201c, beginnt Grenzg\u00e4nger per Insert. \u201eHeute w\u00e4chst Gras \u00fcber die Geschichten von damals.\u201c<br \/>\nEine dieser Geschichten von damals, die Florian Flicker hier erz\u00e4hlt, entf\u00fchrt in den Sommer 2001 in die March-Au, wo inmitten \u00fcppiger Vegetation in stiller Einsamkeit ein Wirtshaus liegt. F\u00fcr gew\u00f6hnlich machen hier vereinzelte Wanderer kurz Halt \u2013 und die Pr\u00e4senzdiener, die von den umliegenden Wacht\u00fcrmen aus die Grenze im Blick haben.<br \/>\nRonnie (20) ist ein solcher, und er wird das Leben des Wirtshausbetreibers Hans (38) und seiner Frau Jana (33) ordentlich durcheinanderbringen. Deren Nebeneerwerb besteht darin, illegale Fluchthilfe zu leisten. Das Bundesheer hat Lunte gerochen, kann aber den beiden nichts nachweisen. Also setzt Vize-Leutnant Fuchs Ronnie auf Jana an\u2026<\/p><\/div><div class='clear_column'><\/div><\/p>\n<p><strong>Kritikerstimmen:<\/strong><\/p>\n<hr \/>\n<p><div class='content-column one_fourth'><a href=\"http:\/\/filmring-linz.at.195-42-120-225.smartconfig.net\/wordpress\/wp-content\/uploads\/2013\/07\/5_Grenzgaenger.png\"><img loading=\"lazy\" decoding=\"async\" class=\"alignnone size-full wp-image-265\" alt=\"5_Grenzgaenger\" src=\"http:\/\/filmring-linz.at.195-42-120-225.smartconfig.net\/wordpress\/wp-content\/uploads\/2013\/07\/5_Grenzgaenger.png\" width=\"226\" height=\"150\" \/><\/a><\/div><div class='content-column three_fourth last_column'><p>&#8222;Gem\u00e4chlich entspinnt sich die Dreiecksgeschichte zwischen dem Schlepperehepaar und dem Pr\u00e4senzdiener aus gutem Hause, wobei Flicker vor allem zu Beginn mit einer gro\u00dfartig epischen Optik punktet. Hervorragend werden Landschaften und Charaktere eingef\u00fchrt, die Geschichte k\u00f6nnte \u00fcberall spielen. Man w\u00fcrde sich nicht wundern, wenn New Orleans gleich hinter Hainburg liegen w\u00fcrde.&#8220; (Curt Cuisine, skug)<\/p>\n<p>&#8222;Flicker ist eine der sympathischsten und uneitelsten Positionen des heimischen Films. Er produziert ein geradliniges und solides Kino und vertraut dabei g\u00e4nzlich auf die Kraft der Erz\u00e4hlung und der Schauspieler. Damit setzt er sich wohltuend ab von dem, was man ansonsten mit dem \u00f6sterreichischen Spielfilm verbindet (Ekelattacken, erzkonservativen Kulturpessimismus, kabarettistische Leerformeln).&#8220; (Norbert Pfaffenbichler, Der Standard)<\/p>\n<p>&#8222;Wenn es in diesem Film eine Moral gibt, dann ist es die vom Fressen und Gefressenwerden. Eine Maxime, die letztlich auch in der Liebe gilt. In Grenzg\u00e4nger regiert die Wildnis.&#8220; (Eva Steindorfer, Die Presse)<\/p><\/div><div class='clear_column'><\/div><\/p>\n<p><strong>Der Regisseur Florian Flicker:<\/strong><\/p>\n<hr \/>\n<p><a href=\"http:\/\/filmring-linz.at.195-42-120-225.smartconfig.net\/wordpress\/wp-content\/uploads\/2013\/07\/1_Grenzgaenger.png\"><img loading=\"lazy\" decoding=\"async\" class=\"size-full wp-image-262 alignleft\" alt=\"1_Grenzgaenger\" src=\"http:\/\/filmring-linz.at.195-42-120-225.smartconfig.net\/wordpress\/wp-content\/uploads\/2013\/07\/1_Grenzgaenger.png\" width=\"226\" height=\"150\" \/><\/a>geb. 1965 in Salzburg, lebt in Wien. Arbeitete bis 1989 als Regieassistent f\u00fcr Theater und Werbung. Bis 2009 Lehrt\u00e4tigkeit an der Wiener Filmakademie. Theaterinszenierungen am Wiener Schauspielhaus.<br \/>\n&nbsp;<\/p>\n<p>&nbsp;<\/p>\n<p><strong>Florian Flicker \u00fcber seinen Film:<\/strong><\/p>\n<hr \/>\n<p><div class='content-column one_fourth'><a href=\"http:\/\/filmring-linz.at.195-42-120-225.smartconfig.net\/wordpress\/wp-content\/uploads\/2013\/07\/2_Grenzgaenger.png\"><img loading=\"lazy\" decoding=\"async\" class=\"alignnone size-full wp-image-263\" alt=\"2_Grenzgaenger\" src=\"http:\/\/filmring-linz.at.195-42-120-225.smartconfig.net\/wordpress\/wp-content\/uploads\/2013\/07\/2_Grenzgaenger.png\" width=\"226\" height=\"150\" \/><\/a><\/div><div class='content-column three_fourth last_column'><p>\u201eWas mich erstaunt hat bei den Recherchen, ist, dass diese Gegend trotz ihrer politisch-historischen Bedeutung so gar nicht verankert ist in unserem Bewusstsein. Das wei\u00df doch kein Mensch, was sich da bis vor 10 Jahren so abgespielt hat. Wir starren auf die Fl\u00fcchtlingsboote auf Lampedusa und wissen nicht, dass bei uns ums Eck j\u00e4hrlich dutzende Fl\u00fcchtlinge ertrunken sind, dass man beim Sonntagsausflug an die March ging, um \u201eNeger zu z\u00e4hlen\u201c, die ertrunken waren.\u201c<\/p>\n<p>\u201eAnders als beim Weibsteufel sprechen meine Figuren sehr wenig. Das hat mich als Regisseur interessiert und fasziniert mich immer noch: diese Sprachlosigkeit zwischen Mann und Frau, als w\u00e4re ihre gemeinsame Sprache noch nicht erfunden.\u201c<\/p>\n<p>\u201eIch habe den Theaterstoff genommen und eine Cover-Version f\u00fcrs Kino gemacht. Das Thema blieb, aber das Lied klingt anders. Weil es Kino ist und nicht Theater, weil ich es bin und weil es im Heute spielt.\u201c<\/p><\/div><div class='clear_column'><\/div><\/p>\n<p><strong>Filmografie:<\/strong><\/p>\n<hr \/>\n<p><div class='content-column one_fourth'><a href=\"http:\/\/filmring-linz.at.195-42-120-225.smartconfig.net\/wordpress\/wp-content\/uploads\/2013\/07\/3_Grenzgaenger.png\"><img loading=\"lazy\" decoding=\"async\" class=\"alignnone size-full wp-image-129\" alt=\"3_Grenzgaenger\" src=\"http:\/\/filmring-linz.at.195-42-120-225.smartconfig.net\/wordpress\/wp-content\/uploads\/2013\/07\/3_Grenzgaenger.png\" width=\"226\" height=\"150\" \/><\/a><\/div><div class='content-column three_fourth last_column'><p>1993 Halbe Welt<br \/>\n1997 Attwengerfilm<br \/>\n1998 Suzie Washington<br \/>\n2000 Der \u00dcberfall<br \/>\n2006 No Name City<br \/>\n2012 Grenzg\u00e4nger<\/p><\/div><div class='clear_column'><\/div><\/p>\n","protected":false},"excerpt":{"rendered":"<p>Inhalt: Kritikerstimmen: Der Regisseur Florian Flicker: geb. 1965 in <a class=\"continue-reading-link\" href=\"https:\/\/www.filmring-linz.at\/?page_id=256\"> <span class=\"meta-nav\">&rarr; <\/span><\/a><\/p>\n","protected":false},"author":1,"featured_media":0,"parent":525,"menu_order":2,"comment_status":"closed","ping_status":"closed","template":"","meta":{"ngg_post_thumbnail":0,"footnotes":""},"class_list":["post-256","page","type-page","status-publish","hentry"],"_links":{"self":[{"href":"https:\/\/www.filmring-linz.at\/index.php?rest_route=\/wp\/v2\/pages\/256","targetHints":{"allow":["GET"]}}],"collection":[{"href":"https:\/\/www.filmring-linz.at\/index.php?rest_route=\/wp\/v2\/pages"}],"about":[{"href":"https:\/\/www.filmring-linz.at\/index.php?rest_route=\/wp\/v2\/types\/page"}],"author":[{"embeddable":true,"href":"https:\/\/www.filmring-linz.at\/index.php?rest_route=\/wp\/v2\/users\/1"}],"replies":[{"embeddable":true,"href":"https:\/\/www.filmring-linz.at\/index.php?rest_route=%2Fwp%2Fv2%2Fcomments&post=256"}],"version-history":[{"count":11,"href":"https:\/\/www.filmring-linz.at\/index.php?rest_route=\/wp\/v2\/pages\/256\/revisions"}],"predecessor-version":[{"id":260,"href":"https:\/\/www.filmring-linz.at\/index.php?rest_route=\/wp\/v2\/pages\/256\/revisions\/260"}],"up":[{"embeddable":true,"href":"https:\/\/www.filmring-linz.at\/index.php?rest_route=\/wp\/v2\/pages\/525"}],"wp:attachment":[{"href":"https:\/\/www.filmring-linz.at\/index.php?rest_route=%2Fwp%2Fv2%2Fmedia&parent=256"}],"curies":[{"name":"wp","href":"https:\/\/api.w.org\/{rel}","templated":true}]}}

Grenzgänger

<p><em><div class='content-column one_half'></em></p>
<article id="post-22">
<header>
<hgroup>
<h2>Grenzgänger</h2>
</hgroup>
</header>
<div>
<p><strong>Mo, 16. — Fr, 20.12.2013 | 17:30 Uhr | City-Kino</strong></p>
</div>
</article>
<p>A 2012, Regie: Florian Flicker, Drehbuch: Florian Flicker, frei nach „Der Weibsteufel“ von Karl Schönherr, K: Martin Gschlacht, S: Karina Ressler, M: Eva Jantschitsch, D: Andreas Lust, Andrea Wenzl, Stefan Pohl, 100 Minuten<br />
<em></em></p>
<p style="text-align: left;"></div></p>
<p><center><div class='content-column one_half last_column'>Trailer:<code><a id="69f45bb70e332" rel="wp-video-lightbox" href="https://www.youtube.com/watch?v=c0A5HRQrsqg?rel=0&#038;width=640&#038;height=480" title=""><img decoding="async" src="http://filmring-linz.at.195-42-120-225.smartconfig.net/wordpress/wp-content/uploads/2013/07/940x340_Grenzgaenger1-e1373531331502.png" class="video_lightbox_anchor_image" alt="" /></a>    <script>
    /* <![CDATA[ */
    jQuery(document).ready(function($){
        $(function(){
            var width = $(window).innerWidth();
            var setwidth = parseFloat(640);
            var ratio = parseFloat(0.75);
            var height = parseFloat(480);
            var link = 'https://www.youtube.com/watch?v=c0A5HRQrsqg?rel=0&amp;width=640&amp;height=480';
            if(width < setwidth)
            {
                height = Math.floor(width * 0.75);
                //console.log("device width "+width+", set width "+640+", ratio "+0.75+", new height "+ height);
                var new_url = wpvl_paramReplace('width', link, width);
                var new_url = wpvl_paramReplace('height', new_url, height);
                $("a#69f45bb70e332").attr('href', new_url);
                //console.log(new_url);
            }
        });
    });
    /* ]]> */
    </script></code></div><div class='clear_column'></div></center></p>
<hr />
<p><strong>Inhalt:</strong></p>
<hr />
<p><div class='content-column one_fourth'><a href="http://filmring-linz.at.195-42-120-225.smartconfig.net/wordpress/wp-content/uploads/2013/07/4_Grenzgaenger.png"><img loading="lazy" decoding="async" class="alignnone size-full wp-image-264" alt="4_Grenzgaenger" src="http://filmring-linz.at.195-42-120-225.smartconfig.net/wordpress/wp-content/uploads/2013/07/4_Grenzgaenger.png" width="226" height="150" /></a></div><div class='content-column three_fourth last_column'><p>„Es gab eine Zeit, da war die Ostgrenze Österreichs eine Grenze zwischen Ost und West. Bis 2004 bewachte das Österreichische Bundesheer diesen Grenzverlauf“, beginnt Grenzgänger per Insert. „Heute wächst Gras über die Geschichten von damals.“<br />
Eine dieser Geschichten von damals, die Florian Flicker hier erzählt, entführt in den Sommer 2001 in die March-Au, wo inmitten üppiger Vegetation in stiller Einsamkeit ein Wirtshaus liegt. Für gewöhnlich machen hier vereinzelte Wanderer kurz Halt – und die Präsenzdiener, die von den umliegenden Wachtürmen aus die Grenze im Blick haben.<br />
Ronnie (20) ist ein solcher, und er wird das Leben des Wirtshausbetreibers Hans (38) und seiner Frau Jana (33) ordentlich durcheinanderbringen. Deren Nebeneerwerb besteht darin, illegale Fluchthilfe zu leisten. Das Bundesheer hat Lunte gerochen, kann aber den beiden nichts nachweisen. Also setzt Vize-Leutnant Fuchs Ronnie auf Jana an…</p></div><div class='clear_column'></div></p>
<p><strong>Kritikerstimmen:</strong></p>
<hr />
<p><div class='content-column one_fourth'><a href="http://filmring-linz.at.195-42-120-225.smartconfig.net/wordpress/wp-content/uploads/2013/07/5_Grenzgaenger.png"><img loading="lazy" decoding="async" class="alignnone size-full wp-image-265" alt="5_Grenzgaenger" src="http://filmring-linz.at.195-42-120-225.smartconfig.net/wordpress/wp-content/uploads/2013/07/5_Grenzgaenger.png" width="226" height="150" /></a></div><div class='content-column three_fourth last_column'><p>&#8222;Gemächlich entspinnt sich die Dreiecksgeschichte zwischen dem Schlepperehepaar und dem Präsenzdiener aus gutem Hause, wobei Flicker vor allem zu Beginn mit einer großartig epischen Optik punktet. Hervorragend werden Landschaften und Charaktere eingeführt, die Geschichte könnte überall spielen. Man würde sich nicht wundern, wenn New Orleans gleich hinter Hainburg liegen würde.&#8220; (Curt Cuisine, skug)</p>
<p>&#8222;Flicker ist eine der sympathischsten und uneitelsten Positionen des heimischen Films. Er produziert ein geradliniges und solides Kino und vertraut dabei gänzlich auf die Kraft der Erzählung und der Schauspieler. Damit setzt er sich wohltuend ab von dem, was man ansonsten mit dem österreichischen Spielfilm verbindet (Ekelattacken, erzkonservativen Kulturpessimismus, kabarettistische Leerformeln).&#8220; (Norbert Pfaffenbichler, Der Standard)</p>
<p>&#8222;Wenn es in diesem Film eine Moral gibt, dann ist es die vom Fressen und Gefressenwerden. Eine Maxime, die letztlich auch in der Liebe gilt. In Grenzgänger regiert die Wildnis.&#8220; (Eva Steindorfer, Die Presse)</p></div><div class='clear_column'></div></p>
<p><strong>Der Regisseur Florian Flicker:</strong></p>
<hr />
<p><a href="http://filmring-linz.at.195-42-120-225.smartconfig.net/wordpress/wp-content/uploads/2013/07/1_Grenzgaenger.png"><img loading="lazy" decoding="async" class="size-full wp-image-262 alignleft" alt="1_Grenzgaenger" src="http://filmring-linz.at.195-42-120-225.smartconfig.net/wordpress/wp-content/uploads/2013/07/1_Grenzgaenger.png" width="226" height="150" /></a>geb. 1965 in Salzburg, lebt in Wien. Arbeitete bis 1989 als Regieassistent für Theater und Werbung. Bis 2009 Lehrtätigkeit an der Wiener Filmakademie. Theaterinszenierungen am Wiener Schauspielhaus.<br />
&nbsp;</p>
<p>&nbsp;</p>
<p><strong>Florian Flicker über seinen Film:</strong></p>
<hr />
<p><div class='content-column one_fourth'><a href="http://filmring-linz.at.195-42-120-225.smartconfig.net/wordpress/wp-content/uploads/2013/07/2_Grenzgaenger.png"><img loading="lazy" decoding="async" class="alignnone size-full wp-image-263" alt="2_Grenzgaenger" src="http://filmring-linz.at.195-42-120-225.smartconfig.net/wordpress/wp-content/uploads/2013/07/2_Grenzgaenger.png" width="226" height="150" /></a></div><div class='content-column three_fourth last_column'><p>„Was mich erstaunt hat bei den Recherchen, ist, dass diese Gegend trotz ihrer politisch-historischen Bedeutung so gar nicht verankert ist in unserem Bewusstsein. Das weiß doch kein Mensch, was sich da bis vor 10 Jahren so abgespielt hat. Wir starren auf die Flüchtlingsboote auf Lampedusa und wissen nicht, dass bei uns ums Eck jährlich dutzende Flüchtlinge ertrunken sind, dass man beim Sonntagsausflug an die March ging, um „Neger zu zählen“, die ertrunken waren.“</p>
<p>„Anders als beim Weibsteufel sprechen meine Figuren sehr wenig. Das hat mich als Regisseur interessiert und fasziniert mich immer noch: diese Sprachlosigkeit zwischen Mann und Frau, als wäre ihre gemeinsame Sprache noch nicht erfunden.“</p>
<p>„Ich habe den Theaterstoff genommen und eine Cover-Version fürs Kino gemacht. Das Thema blieb, aber das Lied klingt anders. Weil es Kino ist und nicht Theater, weil ich es bin und weil es im Heute spielt.“</p></div><div class='clear_column'></div></p>
<p><strong>Filmografie:</strong></p>
<hr />
<p><div class='content-column one_fourth'><a href="http://filmring-linz.at.195-42-120-225.smartconfig.net/wordpress/wp-content/uploads/2013/07/3_Grenzgaenger.png"><img loading="lazy" decoding="async" class="alignnone size-full wp-image-129" alt="3_Grenzgaenger" src="http://filmring-linz.at.195-42-120-225.smartconfig.net/wordpress/wp-content/uploads/2013/07/3_Grenzgaenger.png" width="226" height="150" /></a></div><div class='content-column three_fourth last_column'><p>1993 Halbe Welt<br />
1997 Attwengerfilm<br />
1998 Suzie Washington<br />
2000 Der Überfall<br />
2006 No Name City<br />
2012 Grenzgänger</p></div><div class='clear_column'></div></p>
