{"id":2903,"date":"2023-09-05T19:55:42","date_gmt":"2023-09-05T17:55:42","guid":{"rendered":"https:\/\/www.filmring-linz.at\/?page_id=2903"},"modified":"2024-09-15T15:15:38","modified_gmt":"2024-09-15T13:15:38","slug":"eo","status":"publish","type":"page","link":"https:\/\/www.filmring-linz.at\/?page_id=2903","title":{"rendered":"EO"},"content":{"rendered":"\n<h1 class=\"wp-block-heading has-x-large-font-size\"><strong>EO<\/strong><\/h1>\n\n\n\n<pre class=\"wp-block-preformatted\">POL\/IT 2022, Regie: Jerzy Skolimowski, Drehbuch: Ewa Piaskowska, Jerzy Skolimowski, K: Michal Dymek, M: Pawel Mykietyn, S: Agnieszka Glinska, Darsteller: Hola, Tako, Marietta, Ettore, Rocco, Mela, Sandra Drzymalska, Tomasz Organek, Mateusz Kosciukiewicz, Lorenzo Zurzolo, Isabelle Huppert, 88 Minuten, OmdUT<\/pre>\n\n\n\n<hr class=\"wp-block-separator has-css-opacity\"\/>\n\n\n\n<h2 class=\"wp-block-heading\">Trailer<\/h2>\n\n\n\n<p><span style=\"color: rgb(204, 204, 204); font-size: 20px; background-color: rgb(246, 247, 248);\"><a id=\"69e379b7a5eee\" rel=\"wp-video-lightbox\" href=\"https:\/\/www.youtube.com\/watch?v=rrBeSQbdXmw&#038;width=640&#038;height=480\" title=\"\"><img decoding=\"async\" src=\"https:\/\/www.filmring-linz.at\/wordpress\/wp-content\/uploads\/2023\/09\/3_EO-1.jpg\" class=\"video_lightbox_anchor_image\" alt=\"\" \/><\/a>    <script>\r\n    \/* <![CDATA[ *\/\r\n    jQuery(document).ready(function($){\r\n        $(function(){\r\n            var width = $(window).innerWidth();\r\n            var setwidth = parseFloat(640);\r\n            var ratio = parseFloat(0.75);\r\n            var height = parseFloat(480);\r\n            var link = 'https:\/\/www.youtube.com\/watch?v=rrBeSQbdXmw&amp;width=640&amp;height=480';\r\n            if(width < setwidth)\r\n            {\r\n                height = Math.floor(width * 0.75);\r\n                \/\/console.log(\"device width \"+width+\", set width \"+640+\", ratio \"+0.75+\", new height \"+ height);\r\n                var new_url = wpvl_paramReplace('width', link, width);\r\n                var new_url = wpvl_paramReplace('height', new_url, height);\r\n                $(\"a#69e379b7a5eee\").attr('href', new_url);\r\n                \/\/console.log(new_url);\r\n            }\r\n        });\r\n    });\r\n    \/* ]]> *\/\r\n    <\/script><\/span><\/p>\n\n\n\n<hr class=\"wp-block-separator has-css-opacity\"\/>\n\n\n\n<h2 class=\"wp-block-heading\">Inhalt<\/h2>\n\n\n\n<p>Der Film erz\u00e4hlt von der Odyssee des titelgebenden, gewinnenden grauen Esels (gespielt von sechs verschiedenen polnischen und sardischen Eseln).&nbsp;Diese lange, seltsame Reise beginnt in einem polnischen Zirkus, wo er von Tiersch\u00fctzern verehrt (und befreit) wird, geht weiter zu einer Pferdefarm (von der er flieht), dann wird er kurzzeitig zum Maskottchen einer Fu\u00dfballmannschaft.&nbsp;Die durch die Augen des Tieres erlebte Welt ist manchmal grausam, liebevoll, zuf\u00e4llig, vertr\u00e4umt, chaotisch oder idyllisch.&nbsp;\u00dcberraschenderweise tritt Isabelle Huppert als Gr\u00e4fin in einer palastartigen italienischen Villa auf, in der sich der Esel f\u00fcr kurze Zeit aufh\u00e4lt.<\/p>\n\n\n\n<hr class=\"wp-block-separator has-css-opacity\"\/>\n\n\n\nngg_shortcode_0_placeholder\n\n\n\n<hr class=\"wp-block-separator has-css-opacity\"\/>\n\n\n\n<h2 class=\"wp-block-heading\">Kritiken<\/h2>\n\n\n\n<p>\u201e\u2026 eine schockierende und z\u00e4rtliche Tour de Force \u2026 wild, k\u00fchn expressionistisch \u2026 kein Film, den ich dieses Jahr gesehen habe, hat mich so tief ber\u00fchrt, mich so optimistisch in Bezug auf das Kino gestimmt oder mich mit so viel intellektueller Kraft gefangen genommen wie EO. Der Autor und alle Esel, die EO spielen \u2013 Hola, Tako, Marietta, Ettore, Rocco und Mela \u2013 verdienen auch all die Liebe und die Karotten. Der Film des Jahres.\u201c&nbsp;<\/p>\n\n\n\n<p>(Manohla Dargis,&nbsp;<em>The New York Times<\/em>)<\/p>\n\n\n\n<p>\u201eEin extravagantes, vision\u00e4res Werk.\u00a0Der wildeste und j\u00fcngste Film in Cannes wurde von einem 84-j\u00e4hrigen Regisseur gedreht, der zu allem bereit ist.\u201c <\/p>\n\n\n\n<p>(Jonathan Romney, <em>Filmkommenta<\/em>r)<\/p>\n\n\n\n<hr class=\"wp-block-separator has-css-opacity\"\/>\n\n\n\n<h2 class=\"wp-block-heading\">Jerzy Skolimowski<\/h2>\n\n\n\n<p>Der polnische Regisseur Jerzy Skolimowski ist einer der renommiertesten Regisseure des europ\u00e4ischen Nachkriegskinos. Unter seinen \u00fcber 20 Filmen finden sich viele preisgekr\u00f6nte Werke, z. B. <em>Der Start<\/em> (1967, Goldener B\u00e4r in Berlin), <em>Der Todesschrei<\/em> (1978, Gro\u00dfer Preis in Cannes) und <em>Das Feuerschiff<\/em> (1985, Spezialpreis der Jury in Venedig). Er ist auch als Drehbuchautor f\u00fcr seine Arbeit an <em>Die unschuldigen Zauberer<\/em> (1960, Regie: Andrzej Wajda) und <em>Das Messer im Wasser<\/em> (1962, Regie: Roman Polanski) bekannt.<\/p>\n\n\n\n<p>Nach einer Auszeit kehrte Skolimowski 2008 mit dem von der Kritik hochgelobten Thriller <em>Vier N\u00e4chte mit Anna,<\/em> der u. a. den Special Jury Prize beim Tokyo International Film Festival erhielt, nach Cannes zur\u00fcck und er\u00f6ffnete die Quinzaine des R\u00e9alisateurs. Skolimowskis <em>Essential Killing<\/em> (2010) wurde u. a. mit dem Spezialpreis der Jury bei den Internationalen Filmfestspielen von Venedig ausgezeichnet und im Jahr 2016 erhielt Skolimowski dort den Goldenen L\u00f6wen f\u00fcr sein Lebenswerk.&nbsp;<\/p>\n\n\n\n<p>Als Schauspieler hat Skolimowski beispielsweise in <em>White Nights<\/em> (1985, Regie: Taylor Hackford), <em>Eastern Promises<\/em> (2007, Regie: David Cronenberg) und <em>The Avengers<\/em> (2012, Regie: Joss Whedon) mitgewirkt.&nbsp;<\/p>\n\n\n\n<p>Skolimowski ist ebenfalls ein erfolgreicher Maler, der an der Biennale von Venedig teilgenommen und in ganz Europa und den USA ausgestellt hat.<\/p>\n\n\n\n<h2 class=\"wp-block-heading\">Jerzy Skolimowski \u00fcber seinen Film<\/h2>\n\n\n\n<blockquote class=\"wp-block-quote is-layout-flow wp-block-quote-is-layout-flow\">\n<p>\u201eVor vielen Jahrzehnten habe ich in einem Interview (ich meine, es war f\u00fcr die <em>Cahiers du Cin\u00e9ma<\/em>) gesagt, dass der einzige Film, der mich zu Tr\u00e4nen r\u00fchrt, <em>Au hasard Balthazar<\/em> (Zum Beispiel Balthasar, 1966) ist. Ich glaube, ich habe ihn kurz nach seinem Kinostart f\u00fcr mich entdeckt. Seitdem habe ich im Kino keine einzige Tr\u00e4ne mehr vergossen. Robert Bresson verdanke ich also die feste \u00dcberzeugung, dass es nicht nur m\u00f6glich ist, ein Tier zu einer Filmfigur zu machen, sondern dass es auch eine Quelle f\u00fcr Emotionen sein kann.<\/p>\n\n\n\n<p>(\u2026) Um Schauspieler dazu zu bringen, die gew\u00fcnschte Wirkung zu erzielen, setzen Regisseure intellektuelle Argumente und eine gef\u00fchlsbetonte Sprache ein, bei meinem Esel war Z\u00e4rtlichkeit die einzige M\u00f6glichkeit, ihn zu etwas zu \u00fcberreden: ins Ohr gefl\u00fcsterte Worte und ein paar Streicheleinheiten. Der schnellste Weg in die Katastrophe w\u00e4re gewesen, die Stimme zu erheben und Ungeduld oder Nervosit\u00e4t zu zeigen.<\/p>\n\n\n\n<p>(\u2026) Esel haben ein \u00fcberraschend eigenwilliges Wesen. Jeder Esel, der am Film mitgewirkt hat, hatte einen anderen Charakter, das machte die Aufnahmen unvorhersehbar. Es war, als ob jeden Tag ein aufregendes Puzzle gel\u00f6st werden musste, um herauszufinden, was dieser oder jener Esel mag, hasst, f\u00fcrchtet oder bewundert. Manchmal konnte etwas ganz Harmloses, wie ein auf dem Boden herumliegendes Kabel, pl\u00f6tzlich zu einem un\u00fcberwindlichen Hindernis f\u00fcr sie werden. Andererseits nahmen wir an, dass sie vor einigen Dingen Angst haben k\u00f6nnten, z. B. ein Wasserfall, der aus einem riesigen Damm herausbricht, aber es stellte sich heraus, dass das gar kein Problem war.\u201c<\/p>\n<\/blockquote>\n\n\n\n<h2 class=\"wp-block-heading\">Filmografie<\/h2>\n\n\n\n<ul class=\"wp-block-list\">\n<li>1965:\u00a0<em>Besondere Kennzeichen: keine<\/em>\u00a0(<em>Rysopis<\/em>)<\/li>\n\n\n\n<li>1965: <em>Walkover<\/em><\/li>\n\n\n\n<li>1966: <em>Barriere<\/em> (<em>Bariera<\/em>)<\/li>\n\n\n\n<li>1967:<em>\u00a0Der Start<\/em>\u00a0(<em>Le D\u00e9part<\/em>)<\/li>\n\n\n\n<li>1970:\u00a0<em>Die Gr\u00e4fin und ihr Oberst<\/em>\u00a0(<em>Adventures of Gerard<\/em>)<\/li>\n\n\n\n<li>1970:\u00a0<em>Deep End<\/em>\u00a0<\/li>\n\n\n\n<li>1971:\u00a0<em>Dame, K\u00f6nig, Bube<\/em>\u00a0<em>(King, Queen, Knave)<\/em><\/li>\n\n\n\n<li>1978: <em>Der Todesschrei<\/em> (<em>The Shout<\/em>)<\/li>\n\n\n\n<li>1981:\u00a0<em>H\u00e4nde hoch!<\/em>\u00a0(<em>Rece do g\u00f3ry<\/em>) [1967 gedreht]<\/li>\n\n\n\n<li>1982:<em> Schwarzarbeit<\/em> (<em>Moonlighting<\/em>)<\/li>\n\n\n\n<li>1985: <em>Das Feuerschiff<\/em> (<em>The Lightship<\/em>)<\/li>\n\n\n\n<li>1989: <em>Wenn die Masken fallen<\/em> (<em>Torrents of Spring<\/em>)<\/li>\n\n\n\n<li>1991:<em> Ferdydurke<\/em> (<em>30 Door Key<\/em>)<\/li>\n\n\n\n<li>2008:\u00a0<em>Vier N\u00e4chte mit Anna<\/em>\u00a0<em>(Cztery noce z Ann\u0105)<\/em><\/li>\n\n\n\n<li>2010:\u00a0<em>Essential Killing<\/em>\u00a0<\/li>\n\n\n\n<li>2015: <em>11 Minuten<\/em><\/li>\n\n\n\n<li>2022:\u00a0<em>EO<\/em>\u00a0<\/li>\n<\/ul>\n","protected":false},"excerpt":{"rendered":"<p>EO POL\/IT 2022, Regie: Jerzy Skolimowski, Drehbuch: Ewa Piaskowska, <a class=\"continue-reading-link\" href=\"https:\/\/www.filmring-linz.at\/?page_id=2903\"> <span class=\"meta-nav\">&rarr; <\/span><\/a><\/p>\n","protected":false},"author":1,"featured_media":0,"parent":3127,"menu_order":2,"comment_status":"closed","ping_status":"closed","template":"","meta":{"ngg_post_thumbnail":0,"footnotes":""},"class_list":["post-2903","page","type-page","status-publish","hentry"],"_links":{"self":[{"href":"https:\/\/www.filmring-linz.at\/index.php?rest_route=\/wp\/v2\/pages\/2903","targetHints":{"allow":["GET"]}}],"collection":[{"href":"https:\/\/www.filmring-linz.at\/index.php?rest_route=\/wp\/v2\/pages"}],"about":[{"href":"https:\/\/www.filmring-linz.at\/index.php?rest_route=\/wp\/v2\/types\/page"}],"author":[{"embeddable":true,"href":"https:\/\/www.filmring-linz.at\/index.php?rest_route=\/wp\/v2\/users\/1"}],"replies":[{"embeddable":true,"href":"https:\/\/www.filmring-linz.at\/index.php?rest_route=%2Fwp%2Fv2%2Fcomments&post=2903"}],"version-history":[{"count":5,"href":"https:\/\/www.filmring-linz.at\/index.php?rest_route=\/wp\/v2\/pages\/2903\/revisions"}],"predecessor-version":[{"id":3130,"href":"https:\/\/www.filmring-linz.at\/index.php?rest_route=\/wp\/v2\/pages\/2903\/revisions\/3130"}],"up":[{"embeddable":true,"href":"https:\/\/www.filmring-linz.at\/index.php?rest_route=\/wp\/v2\/pages\/3127"}],"wp:attachment":[{"href":"https:\/\/www.filmring-linz.at\/index.php?rest_route=%2Fwp%2Fv2%2Fmedia&parent=2903"}],"curies":[{"name":"wp","href":"https:\/\/api.w.org\/{rel}","templated":true}]}}