{"id":637,"date":"2014-07-26T14:49:29","date_gmt":"2014-07-26T12:49:29","guid":{"rendered":"http:\/\/www.filmring-linz.at\/?page_id=637"},"modified":"2015-07-24T09:48:12","modified_gmt":"2015-07-24T07:48:12","slug":"die-jagd","status":"publish","type":"page","link":"https:\/\/www.filmring-linz.at\/?page_id=637","title":{"rendered":"Die Jagd"},"content":{"rendered":"<p><em><div class='content-column one_half'><\/em><\/p>\n<header>\n<hgroup>\n<h2>Die Jagd (Jagten)<\/h2>\n<\/hgroup>\n<\/header>\n<p><strong>Mo, 20. \u2014 Fr, 24.10.2014 | 17:30 Uhr | City-Kino<\/strong><\/p>\n<p>D\u00e4nemark\/Schweden 2012\u2028 Regie: Thomas Vinterberg, Drehuch: Tobias Lindholm, Thomas Vinterberg, Kamera: Charlotte Bruus Christensen, Schnitt: Janus Billeskov Jansen, Anne \u00d8sterud, Musik: Nikolaj Egelund,\u2028 Schnitt: Janus Billeskov Jansen, Anne \u00d8sterud,\u2028 Darsteller: Mads Mikkelsen (Lucas), Thomas Bo Larsen (Theo), Annika Wedderkopp (Klara), Lasse Fogelstr\u00f8m (Marcus), Susse Wold (Grethe), Anne Louise Hassing (Agnes), 111 Min., OmdUT<\/p>\n<p style=\"text-align: left;\"><\/div><\/p>\n<p><center><div class='content-column one_half last_column'>Trailer:<code><a id=\"69f1b178802a4\" rel=\"wp-video-lightbox\" href=\"https:\/\/www.youtube.com\/watch?v=KfMyYyhRYjs?rel=0&#038;width=640&#038;height=480\" title=\"\"><img decoding=\"async\" src=\"https:\/\/www.filmring-linz.at\/wordpress\/wp-content\/uploads\/2014\/07\/die-jagd.jpg\" class=\"video_lightbox_anchor_image\" alt=\"\" \/><\/a>    <script>\r\n    \/* <![CDATA[ *\/\r\n    jQuery(document).ready(function($){\r\n        $(function(){\r\n            var width = $(window).innerWidth();\r\n            var setwidth = parseFloat(640);\r\n            var ratio = parseFloat(0.75);\r\n            var height = parseFloat(480);\r\n            var link = 'https:\/\/www.youtube.com\/watch?v=KfMyYyhRYjs?rel=0&amp;width=640&amp;height=480';\r\n            if(width < setwidth)\r\n            {\r\n                height = Math.floor(width * 0.75);\r\n                \/\/console.log(\"device width \"+width+\", set width \"+640+\", ratio \"+0.75+\", new height \"+ height);\r\n                var new_url = wpvl_paramReplace('width', link, width);\r\n                var new_url = wpvl_paramReplace('height', new_url, height);\r\n                $(\"a#69f1b178802a4\").attr('href', new_url);\r\n                \/\/console.log(new_url);\r\n            }\r\n        });\r\n    });\r\n    \/* ]]> *\/\r\n    <\/script><\/code><\/div><div class='clear_column'><\/div><\/center><\/p>\n<hr \/>\n<p><strong>Inhalt:<\/strong><\/p>\n<hr \/>\n<p><div class='content-column one_fourth'><a href=\"https:\/\/www.filmring-linz.at\/wordpress\/wp-content\/uploads\/2014\/07\/die-jagd-2.jpg\"><img loading=\"lazy\" decoding=\"async\" class=\"alignnone size-full wp-image-661\" src=\"https:\/\/www.filmring-linz.at\/wordpress\/wp-content\/uploads\/2014\/07\/die-jagd-2.jpg\" alt=\"die jagd 2\" width=\"226\" height=\"150\" srcset=\"https:\/\/www.filmring-linz.at\/wordpress\/wp-content\/uploads\/2014\/07\/die-jagd-2.jpg 226w, https:\/\/www.filmring-linz.at\/wordpress\/wp-content\/uploads\/2014\/07\/die-jagd-2-150x99.jpg 150w\" sizes=\"auto, (max-width: 226px) 100vw, 226px\" \/><\/a><\/div><div class='content-column three_fourth last_column'><p>Der eher verschlossene Lucas ist kontaktscheu und introvertiert, hat aber durchaus auch Anschluss an Freunde und Bekannte. Seine Ehe ist in die Br\u00fcche gegangen, der gemeinsame Sohn lebt bei der Mutter. Lucas, der ehemalige Lehrer, arbeitet nun in einer d\u00e4nischen Kleinstadt in einem Kindergarten. Er liebt die Arbeit mit seinen Sch\u00fctzlingen. Da wird er pl\u00f6tzlich v\u00f6llig unvermutet des sexuellen Missbrauchs beschuldigt. Eine Lawine der Aggression bricht \u00fcber ihn herein, sein Leben ger\u00e4t v\u00f6llig aus allen Fugen, seine bisherige Existenz wird vollst\u00e4ndig durcheinander gewirbelt. Nichts ist mehr so, wie es war.<\/p><\/div><div class='clear_column'><\/div><\/p>\n<p><strong>Kritikerstimmen:<\/strong><\/p>\n<hr \/>\n<p><div class='content-column one_fourth'><a href=\"https:\/\/www.filmring-linz.at\/wordpress\/wp-content\/uploads\/2014\/07\/die-jagd-4.jpg\"><img loading=\"lazy\" decoding=\"async\" class=\"alignnone size-full wp-image-663\" src=\"https:\/\/www.filmring-linz.at\/wordpress\/wp-content\/uploads\/2014\/07\/die-jagd-4.jpg\" alt=\"die jagd 4\" width=\"225\" height=\"150\" srcset=\"https:\/\/www.filmring-linz.at\/wordpress\/wp-content\/uploads\/2014\/07\/die-jagd-4.jpg 225w, https:\/\/www.filmring-linz.at\/wordpress\/wp-content\/uploads\/2014\/07\/die-jagd-4-150x100.jpg 150w\" sizes=\"auto, (max-width: 225px) 100vw, 225px\" \/><\/a><\/div><div class='content-column three_fourth last_column'><p>\u201e[\u2026] ein kaum zu ertragendes St\u00fcck europ\u00e4ischen Kinos, grandios geschrieben, gespielt und inszeniert; ein wahrhaftiges Comeback Thomas Vinterbergs, dessen Sturm-und-Drang des Dogmafilms nun endg\u00fcltig einer filmischen Sicherheit gewichen ist, die in ihren besten Momenten das Publikum bis ins Mark verunsichert. Die Wahrheit kann eben weh tun und die Leinwand ist das richtige Sprachrohr daf\u00fcr.\u201c\u00a0 (Cinema Forever)<\/p>\n<hr \/>\n<p>\u201eDie Jagd ist ein ersch\u00fctterndes wie packendes Drama \u00fcber eine kleine Gemeinde, die nicht mehr zwischen begr\u00fcndeter Angst und hysterischer Selbstjustiz unterscheiden kann. Das geht zwar an manchen Stellen etwas zu schnell, bleibt dank der guten Darsteller und einer insgesamt neutralen Erz\u00e4hlweise aber erschreckend glaubhaft.\u201c (Alexandra Walch, Filmdienst)<\/p>\n<hr \/>\n<p>\u201eDie Jagd\u201c ist ein Spielfilm, eine Fiktion. Aber Vinterberg setzt auf Realismus, auf Wahrscheinlichkeit, deshalb geht seine Rechnung nicht auf. So viele Erwachsene, die so viele Fehler machen, man glaubt es nicht. Erst recht nicht die Kettenreaktion auf den f\u00fcrsorglichen Reflex, mit dem jeder zu wissen meint, was Klara widerfahren ist, obwohl sie bald beteuert, sie habe nur etwas Dummes gesagt. Au\u00dferdem vers\u00e4umt Vinterberg es, die Dimension zu verdeutlichen. Gewiss gibt es tragische F\u00e4lle von zu Unrecht Beschuldigten, aber es handelt sich nicht um den gro\u00dfen blinden Fleck in der Wahrnehmung sexueller Gewalt gegen Kinder, sondern um seltene Ausnahmen. Die Regel ist immer noch das sch\u00fctzende Schweigen rund um die T\u00e4ter, in Familien, in der Kirche, Kinderg\u00e4rten, Schulen, Sportvereinen. (Christiane Peitz, Der Tagesspiegel)<\/p>\n<hr \/>\n<p>Als Agitationst\u00fcck gegen Tugendterror oder politische Korrektheit taugt &#8222;Die Jagd&#8220; aber nicht. Ein psychologisch geschulter Freund der Leiterin des Kindergartens soll Klara befragen. Er dr\u00e4ngt das M\u00e4dchen nicht so sehr in eine Richtung, sondern will vor allem eine Antwort, die Klarheit bringt &#8211; zwei, drei Worte, die \u00fcber das Schicksal eines Menschen entscheiden. Als Klara sie ausgesprochen hat, macht sich unter den Erwachsenen eine perverse Zufriedenheit breit. Die schlimmsten Bef\u00fcrchtungen haben sich bewahrheitet!\u00a0 \u2026\u2026..\u00a0 So zeigt der Film die Mechanismen einer Gesellschaft, die keine Uneindeutigkeit ertragen kann, die nur schuldig oder unschuldig kennt, bei der man mitjagt &#8211; oder selbst zum Gejagten wird. (Hannah Pilarcyk, Der Spiegel)<\/div><div class='clear_column'><\/div><br \/>\n<strong>Der Regisseur Thomas Vinterberg:<\/strong><\/p>\n<hr \/>\n<p><div class='content-column one_fourth'><a href=\"https:\/\/www.filmring-linz.at\/wordpress\/wp-content\/uploads\/2014\/07\/die-jagd-5.jpg\"><img loading=\"lazy\" decoding=\"async\" class=\"alignnone size-full wp-image-664\" src=\"https:\/\/www.filmring-linz.at\/wordpress\/wp-content\/uploads\/2014\/07\/die-jagd-5.jpg\" alt=\"die jagd 5\" width=\"225\" height=\"150\" srcset=\"https:\/\/www.filmring-linz.at\/wordpress\/wp-content\/uploads\/2014\/07\/die-jagd-5.jpg 225w, https:\/\/www.filmring-linz.at\/wordpress\/wp-content\/uploads\/2014\/07\/die-jagd-5-150x100.jpg 150w\" sizes=\"auto, (max-width: 225px) 100vw, 225px\" \/><\/a><\/div><div class='content-column three_fourth last_column'>Der 1969 geborene Thomas Vinterberg schlie\u00dft 1993 in sehr jungen Jahren die\u2018 Danske Filmskole\u2018 ab. Sein erster Langspielfilm ist \u201aZwei Helden\u2018, ein Roadmovie, f\u00fcr den er von der d\u00e4nischen Filmakademie ausgezeichnet wird. Der Film erlebt seine Premiere auf dem Filmfestival Mannheim-Heidelberg in Deutschland. Er schreibt das Drehbuch und f\u00fchrt Regie in dem ersten Dogma Film \u201aDas Fest\u2018(1999), der Film sorgt international f\u00fcr Aufsehen, das Drehbuch wird f\u00fcr das Theater adaptiert und an verschiedenen B\u00fchnen auch in Deutschland und \u00d6sterreich aufgef\u00fchrt. Das \u00fcber das Filmschaffen hinausgehende Interesse ist typisch f\u00fcr ihn: So l\u00e4sst er im Jahr 2010 sein von ihm selbst verfasstes Theaterst\u00fcck \u201aDas Begr\u00e4bnis\u2018 auff\u00fchren. Musikvideos f\u00fcr \u201aBlur\u2018 und \u201aMetallica\u2018 passen in dieses Bild. Vinterberg besitzt auch eine eigene Filmproduktionsfirma.<\/div><div class='clear_column'><\/div><\/p>\n<p><strong>Auszeichnungen:<\/strong><\/p>\n<hr \/>\n<p>&#8211; Darstellerpreis Mads Mikkelsen Cannes 2012<br \/>\n&#8211; Europ\u00e4ischer Filmpreis 2012 bestes Drehbuch<br \/>\n&#8211; Nominierung Oscar 2014 f\u00fcr besten fremdsprachigen Film<\/p>\n<p><strong>Filmografie:<\/strong><\/p>\n<hr \/>\n<p><div class='content-column one_fourth'><a href=\"https:\/\/www.filmring-linz.at\/wordpress\/wp-content\/uploads\/2014\/07\/die-jagd-3.jpg\"><img loading=\"lazy\" decoding=\"async\" class=\"alignnone size-full wp-image-662\" src=\"https:\/\/www.filmring-linz.at\/wordpress\/wp-content\/uploads\/2014\/07\/die-jagd-3.jpg\" alt=\"die jagd 3\" width=\"225\" height=\"150\" srcset=\"https:\/\/www.filmring-linz.at\/wordpress\/wp-content\/uploads\/2014\/07\/die-jagd-3.jpg 225w, https:\/\/www.filmring-linz.at\/wordpress\/wp-content\/uploads\/2014\/07\/die-jagd-3-150x100.jpg 150w\" sizes=\"auto, (max-width: 225px) 100vw, 225px\" \/><\/a><\/div><div class='content-column three_fourth last_column'><p><span style=\"color: #000000;\">1996: Zwei Helden<br \/>\n1999: Das Fest<br \/>\n2001: D-Day (TV-Film mit Lars van Trier)<br \/>\n2003: It\u2019s all about Love<br \/>\n2005: Dear Wendy<br \/>\n2007: Ein Mann kommt nach Hause<br \/>\n2010: Submarino<br \/>\n2012: Die Jagd<\/span><\/p><\/div><div class='clear_column'><\/div><\/p>\n","protected":false},"excerpt":{"rendered":"<p>Inhalt: Kritikerstimmen: Der Regisseur Thomas Vinterberg: Auszeichnungen: &#8211; Darstellerpreis <a class=\"continue-reading-link\" href=\"https:\/\/www.filmring-linz.at\/?page_id=637\"> <span class=\"meta-nav\">&rarr; <\/span><\/a><\/p>\n","protected":false},"author":1,"featured_media":679,"parent":831,"menu_order":0,"comment_status":"closed","ping_status":"closed","template":"","meta":{"ngg_post_thumbnail":0,"footnotes":""},"class_list":["post-637","page","type-page","status-publish","has-post-thumbnail","hentry"],"_links":{"self":[{"href":"https:\/\/www.filmring-linz.at\/index.php?rest_route=\/wp\/v2\/pages\/637","targetHints":{"allow":["GET"]}}],"collection":[{"href":"https:\/\/www.filmring-linz.at\/index.php?rest_route=\/wp\/v2\/pages"}],"about":[{"href":"https:\/\/www.filmring-linz.at\/index.php?rest_route=\/wp\/v2\/types\/page"}],"author":[{"embeddable":true,"href":"https:\/\/www.filmring-linz.at\/index.php?rest_route=\/wp\/v2\/users\/1"}],"replies":[{"embeddable":true,"href":"https:\/\/www.filmring-linz.at\/index.php?rest_route=%2Fwp%2Fv2%2Fcomments&post=637"}],"version-history":[{"count":14,"href":"https:\/\/www.filmring-linz.at\/index.php?rest_route=\/wp\/v2\/pages\/637\/revisions"}],"predecessor-version":[{"id":689,"href":"https:\/\/www.filmring-linz.at\/index.php?rest_route=\/wp\/v2\/pages\/637\/revisions\/689"}],"up":[{"embeddable":true,"href":"https:\/\/www.filmring-linz.at\/index.php?rest_route=\/wp\/v2\/pages\/831"}],"wp:featuredmedia":[{"embeddable":true,"href":"https:\/\/www.filmring-linz.at\/index.php?rest_route=\/wp\/v2\/media\/679"}],"wp:attachment":[{"href":"https:\/\/www.filmring-linz.at\/index.php?rest_route=%2Fwp%2Fv2%2Fmedia&parent=637"}],"curies":[{"name":"wp","href":"https:\/\/api.w.org\/{rel}","templated":true}]}}

<p><em><div class='content-column one_half'></em></p>
<header>
<hgroup>
<h2>Die Jagd (Jagten)</h2>
</hgroup>
</header>
<p><strong>Mo, 20. — Fr, 24.10.2014 | 17:30 Uhr | City-Kino</strong></p>
<p>Dänemark/Schweden 2012  Regie: Thomas Vinterberg, Drehuch: Tobias Lindholm, Thomas Vinterberg, Kamera: Charlotte Bruus Christensen, Schnitt: Janus Billeskov Jansen, Anne Østerud, Musik: Nikolaj Egelund,  Schnitt: Janus Billeskov Jansen, Anne Østerud,  Darsteller: Mads Mikkelsen (Lucas), Thomas Bo Larsen (Theo), Annika Wedderkopp (Klara), Lasse Fogelstrøm (Marcus), Susse Wold (Grethe), Anne Louise Hassing (Agnes), 111 Min., OmdUT</p>
<p style="text-align: left;"></div></p>
<p><center><div class='content-column one_half last_column'>Trailer:<code><a id="69f1b178802a4" rel="wp-video-lightbox" href="https://www.youtube.com/watch?v=KfMyYyhRYjs?rel=0&#038;width=640&#038;height=480" title=""><img decoding="async" src="https://www.filmring-linz.at/wordpress/wp-content/uploads/2014/07/die-jagd.jpg" class="video_lightbox_anchor_image" alt="" /></a>    <script>
    /* <![CDATA[ */
    jQuery(document).ready(function($){
        $(function(){
            var width = $(window).innerWidth();
            var setwidth = parseFloat(640);
            var ratio = parseFloat(0.75);
            var height = parseFloat(480);
            var link = 'https://www.youtube.com/watch?v=KfMyYyhRYjs?rel=0&amp;width=640&amp;height=480';
            if(width < setwidth)
            {
                height = Math.floor(width * 0.75);
                //console.log("device width "+width+", set width "+640+", ratio "+0.75+", new height "+ height);
                var new_url = wpvl_paramReplace('width', link, width);
                var new_url = wpvl_paramReplace('height', new_url, height);
                $("a#69f1b178802a4").attr('href', new_url);
                //console.log(new_url);
            }
        });
    });
    /* ]]> */
    </script></code></div><div class='clear_column'></div></center></p>
<hr />
<p><strong>Inhalt:</strong></p>
<hr />
<p><div class='content-column one_fourth'><a href="https://www.filmring-linz.at/wordpress/wp-content/uploads/2014/07/die-jagd-2.jpg"><img loading="lazy" decoding="async" class="alignnone size-full wp-image-661" src="https://www.filmring-linz.at/wordpress/wp-content/uploads/2014/07/die-jagd-2.jpg" alt="die jagd 2" width="226" height="150" srcset="https://www.filmring-linz.at/wordpress/wp-content/uploads/2014/07/die-jagd-2.jpg 226w, https://www.filmring-linz.at/wordpress/wp-content/uploads/2014/07/die-jagd-2-150x99.jpg 150w" sizes="auto, (max-width: 226px) 100vw, 226px" /></a></div><div class='content-column three_fourth last_column'><p>Der eher verschlossene Lucas ist kontaktscheu und introvertiert, hat aber durchaus auch Anschluss an Freunde und Bekannte. Seine Ehe ist in die Brüche gegangen, der gemeinsame Sohn lebt bei der Mutter. Lucas, der ehemalige Lehrer, arbeitet nun in einer dänischen Kleinstadt in einem Kindergarten. Er liebt die Arbeit mit seinen Schützlingen. Da wird er plötzlich völlig unvermutet des sexuellen Missbrauchs beschuldigt. Eine Lawine der Aggression bricht über ihn herein, sein Leben gerät völlig aus allen Fugen, seine bisherige Existenz wird vollständig durcheinander gewirbelt. Nichts ist mehr so, wie es war.</p></div><div class='clear_column'></div></p>
<p><strong>Kritikerstimmen:</strong></p>
<hr />
<p><div class='content-column one_fourth'><a href="https://www.filmring-linz.at/wordpress/wp-content/uploads/2014/07/die-jagd-4.jpg"><img loading="lazy" decoding="async" class="alignnone size-full wp-image-663" src="https://www.filmring-linz.at/wordpress/wp-content/uploads/2014/07/die-jagd-4.jpg" alt="die jagd 4" width="225" height="150" srcset="https://www.filmring-linz.at/wordpress/wp-content/uploads/2014/07/die-jagd-4.jpg 225w, https://www.filmring-linz.at/wordpress/wp-content/uploads/2014/07/die-jagd-4-150x100.jpg 150w" sizes="auto, (max-width: 225px) 100vw, 225px" /></a></div><div class='content-column three_fourth last_column'><p>„[…] ein kaum zu ertragendes Stück europäischen Kinos, grandios geschrieben, gespielt und inszeniert; ein wahrhaftiges Comeback Thomas Vinterbergs, dessen Sturm-und-Drang des Dogmafilms nun endgültig einer filmischen Sicherheit gewichen ist, die in ihren besten Momenten das Publikum bis ins Mark verunsichert. Die Wahrheit kann eben weh tun und die Leinwand ist das richtige Sprachrohr dafür.“  (Cinema Forever)</p>
<hr />
<p>„Die Jagd ist ein erschütterndes wie packendes Drama über eine kleine Gemeinde, die nicht mehr zwischen begründeter Angst und hysterischer Selbstjustiz unterscheiden kann. Das geht zwar an manchen Stellen etwas zu schnell, bleibt dank der guten Darsteller und einer insgesamt neutralen Erzählweise aber erschreckend glaubhaft.“ (Alexandra Walch, Filmdienst)</p>
<hr />
<p>„Die Jagd“ ist ein Spielfilm, eine Fiktion. Aber Vinterberg setzt auf Realismus, auf Wahrscheinlichkeit, deshalb geht seine Rechnung nicht auf. So viele Erwachsene, die so viele Fehler machen, man glaubt es nicht. Erst recht nicht die Kettenreaktion auf den fürsorglichen Reflex, mit dem jeder zu wissen meint, was Klara widerfahren ist, obwohl sie bald beteuert, sie habe nur etwas Dummes gesagt. Außerdem versäumt Vinterberg es, die Dimension zu verdeutlichen. Gewiss gibt es tragische Fälle von zu Unrecht Beschuldigten, aber es handelt sich nicht um den großen blinden Fleck in der Wahrnehmung sexueller Gewalt gegen Kinder, sondern um seltene Ausnahmen. Die Regel ist immer noch das schützende Schweigen rund um die Täter, in Familien, in der Kirche, Kindergärten, Schulen, Sportvereinen. (Christiane Peitz, Der Tagesspiegel)</p>
<hr />
<p>Als Agitationstück gegen Tugendterror oder politische Korrektheit taugt &#8222;Die Jagd&#8220; aber nicht. Ein psychologisch geschulter Freund der Leiterin des Kindergartens soll Klara befragen. Er drängt das Mädchen nicht so sehr in eine Richtung, sondern will vor allem eine Antwort, die Klarheit bringt &#8211; zwei, drei Worte, die über das Schicksal eines Menschen entscheiden. Als Klara sie ausgesprochen hat, macht sich unter den Erwachsenen eine perverse Zufriedenheit breit. Die schlimmsten Befürchtungen haben sich bewahrheitet!  ……..  So zeigt der Film die Mechanismen einer Gesellschaft, die keine Uneindeutigkeit ertragen kann, die nur schuldig oder unschuldig kennt, bei der man mitjagt &#8211; oder selbst zum Gejagten wird. (Hannah Pilarcyk, Der Spiegel)</div><div class='clear_column'></div><br />
<strong>Der Regisseur Thomas Vinterberg:</strong></p>
<hr />
<p><div class='content-column one_fourth'><a href="https://www.filmring-linz.at/wordpress/wp-content/uploads/2014/07/die-jagd-5.jpg"><img loading="lazy" decoding="async" class="alignnone size-full wp-image-664" src="https://www.filmring-linz.at/wordpress/wp-content/uploads/2014/07/die-jagd-5.jpg" alt="die jagd 5" width="225" height="150" srcset="https://www.filmring-linz.at/wordpress/wp-content/uploads/2014/07/die-jagd-5.jpg 225w, https://www.filmring-linz.at/wordpress/wp-content/uploads/2014/07/die-jagd-5-150x100.jpg 150w" sizes="auto, (max-width: 225px) 100vw, 225px" /></a></div><div class='content-column three_fourth last_column'>Der 1969 geborene Thomas Vinterberg schließt 1993 in sehr jungen Jahren die‘ Danske Filmskole‘ ab. Sein erster Langspielfilm ist ‚Zwei Helden‘, ein Roadmovie, für den er von der dänischen Filmakademie ausgezeichnet wird. Der Film erlebt seine Premiere auf dem Filmfestival Mannheim-Heidelberg in Deutschland. Er schreibt das Drehbuch und führt Regie in dem ersten Dogma Film ‚Das Fest‘(1999), der Film sorgt international für Aufsehen, das Drehbuch wird für das Theater adaptiert und an verschiedenen Bühnen auch in Deutschland und Österreich aufgeführt. Das über das Filmschaffen hinausgehende Interesse ist typisch für ihn: So lässt er im Jahr 2010 sein von ihm selbst verfasstes Theaterstück ‚Das Begräbnis‘ aufführen. Musikvideos für ‚Blur‘ und ‚Metallica‘ passen in dieses Bild. Vinterberg besitzt auch eine eigene Filmproduktionsfirma.</div><div class='clear_column'></div></p>
<p><strong>Auszeichnungen:</strong></p>
<hr />
<p>&#8211; Darstellerpreis Mads Mikkelsen Cannes 2012<br />
&#8211; Europäischer Filmpreis 2012 bestes Drehbuch<br />
&#8211; Nominierung Oscar 2014 für besten fremdsprachigen Film</p>
<p><strong>Filmografie:</strong></p>
<hr />
<p><div class='content-column one_fourth'><a href="https://www.filmring-linz.at/wordpress/wp-content/uploads/2014/07/die-jagd-3.jpg"><img loading="lazy" decoding="async" class="alignnone size-full wp-image-662" src="https://www.filmring-linz.at/wordpress/wp-content/uploads/2014/07/die-jagd-3.jpg" alt="die jagd 3" width="225" height="150" srcset="https://www.filmring-linz.at/wordpress/wp-content/uploads/2014/07/die-jagd-3.jpg 225w, https://www.filmring-linz.at/wordpress/wp-content/uploads/2014/07/die-jagd-3-150x100.jpg 150w" sizes="auto, (max-width: 225px) 100vw, 225px" /></a></div><div class='content-column three_fourth last_column'><p><span style="color: #000000;">1996: Zwei Helden<br />
1999: Das Fest<br />
2001: D-Day (TV-Film mit Lars van Trier)<br />
2003: It’s all about Love<br />
2005: Dear Wendy<br />
2007: Ein Mann kommt nach Hause<br />
2010: Submarino<br />
2012: Die Jagd</span></p></div><div class='clear_column'></div></p>
